 common divisor of 9436757 and 3498?
11
What is the greatest common factor of 873697566 and 139?
139
Calculate the highest common factor of 106502 and 1826.
22
Calculate the highest common factor of 5928 and 108896619.
741
Calculate the highest common factor of 3048 and 109488.
24
What is the highest common factor of 26100 and 141300?
900
Calculate the greatest common divisor of 4862093 and 12181.
937
What is the highest common divisor of 706476 and 5332956?
6252
What is the highest common divisor of 3019679 and 160952?
1829
What is the greatest common factor of 74460 and 15164?
68
Calculate the greatest common factor of 58 and 29544881.
29
What is the highest common factor of 715 and 216864505?
715
What is the highest common divisor of 1863623 and 56504?
1009
What is the highest common divisor of 15391192 and 28912?
1112
Calculate the greatest common factor of 8145 and 7097553.
1629
What is the highest common factor of 6536 and 272840?
152
What is the highest common factor of 213 and 938045681?
71
Calculate the greatest common divisor of 103179825 and 27.
27
What is the highest common factor of 6489 and 11025?
63
Calculate the highest common divisor of 520 and 8971976.
104
What is the greatest common divisor of 15732562 and 806?
62
What is the greatest common factor of 8333 and 71513?
13
What is the highest common factor of 412 and 42270994?
206
What is the highest common divisor of 3056 and 354830632?
1528
What is the greatest common divisor of 46 and 6546697?
23
Calculate the greatest common factor of 3518600 and 3504.
584
What is the greatest common divisor of 69327 and 5436?
9
What is the greatest common factor of 864 and 7581726?
18
Calculate the highest common divisor of 6823480 and 8577.
953
Calculate the greatest common factor of 12 and 234283656.
12
What is the greatest common divisor of 102428135 and 10?
5
Calculate the highest common factor of 35178 and 794211.
1353
Calculate the highest common divisor of 163169857 and 19028.
4757
What is the highest common divisor of 106 and 641941194?
106
Calculate the highest common factor of 192864 and 137283006.
12054
What is the greatest common factor of 82592 and 487819324?
10324
Calculate the highest common divisor of 14669075 and 6625.
1325
What is the highest common factor of 663289 and 5665?
11
What is the highest common divisor of 2790 and 982235?
155
What is the greatest common factor of 237491 and 124?
31
What is the highest common factor of 1216754 and 78386?
154
What is the highest common factor of 1602346194 and 35884?
17942
What is the greatest common divisor of 397872 and 32796?
36
What is the greatest common factor of 15444 and 31636?
44
Calculate the highest common divisor of 243775 and 890575.
1225
What is the greatest common divisor of 455 and 18949385?
455
Calculate the greatest common factor of 5225991 and 27508.
529
Calculate the greatest common divisor of 132 and 14228104.
44
What is the highest common factor of 19153753 and 1147?
1147
What is the highest common factor of 19503 and 549?
9
What is the highest common factor of 4459535754 and 7814?
7814
Calculate the greatest common factor of 90 and 2050230.
30
Calculate the greatest common divisor of 8424 and 98488.
104
Calculate the greatest common factor of 87077764 and 119702.
10882
What is the highest common divisor of 6811524 and 36?
36
Calculate the highest common factor of 144 and 2741292.
36
Calculate the highest common divisor of 79520 and 3522400.
1120
Calculate the greatest common divisor of 3186089 and 799.
17
Calculate the highest common factor of 96 and 12740484.
12
What is the greatest common factor of 14851627 and 21?
7
What is the highest common divisor of 46 and 220661540?
46
What is the highest common divisor of 1858695 and 459?
51
Calculate the greatest common factor of 80181 and 567639.
531
Calculate the greatest common divisor of 1324572 and 1403004.
516
Calculate the highest common divisor of 7220 and 54194764.
1444
Calculate the greatest common divisor of 147187 and 9476.
103
Calculate the highest common divisor of 7935456 and 22008.
3144
What is the highest common factor of 27500236 and 464?
116
Calculate the greatest common factor of 10331310 and 15.
15
What is the greatest common factor of 84 and 2756076?
12
What is the highest common divisor of 23 and 22931?
23
What is the greatest common divisor of 4573790 and 13590?
1510
What is the highest common factor of 133 and 868964411?
133
Calculate the greatest common factor of 533791 and 377039.
97
Calculate the greatest common divisor of 118112 and 2690739.
3691
Calculate the highest common factor of 98192 and 1855312.
5168
What is the highest common divisor of 89124 and 31836?
84
What is the greatest common factor of 1208848 and 404?
4
What is the highest common factor of 8940759 and 1785?
51
What is the greatest common divisor of 30388113 and 1071?
63
Calculate the highest common factor of 449607830 and 950.
190
Calculate the greatest common divisor of 20784366 and 1710.
342
Calculate the highest common factor of 6034644 and 12.
12
What is the greatest common divisor of 1259949 and 283971?
2757
Calculate the highest common factor of 60711180 and 1752.
876
What is the highest common divisor of 2385960896 and 176?
176
What is the highest common factor of 1430266 and 344?
86
Calculate the greatest common divisor of 1917405 and 3465.
315
Calculate the highest common factor of 15 and 7587925.
5
Calculate the highest common divisor of 188680842 and 14.
14
Calculate the highest common divisor of 4557 and 8760073.
1519
Calculate the highest common factor of 698940 and 693.
99
What is the highest common factor of 7161 and 63973987?
2387
Calculate the greatest common factor of 290 and 15973374.
58
Calculate the highest common divisor of 14953562 and 52.
26
What is the greatest common divisor of 802399234 and 13?
13
What is the greatest common factor of 307881119 and 273?
91
What is the greatest common divisor of 925190052 and 23070?
4614
Calculate the greatest common factor of 728 and 99525608.
728
Calculate the highest common factor of 168 and 5620488.
24
Calculate the greatest common divisor of 1758 and 12930.
6
What is the greatest common divisor of 4562432 and 12328?
536
Calculate the highest common divisor of 142765 and 2695.
35
Calculate the greatest common divisor of 760888 and 150.
2
Calculate the greatest common factor of 764 and 143312.
4
Calculate the highest common factor of 156423 and 26816343.
6801
What is the greatest common factor of 5086190834 and 839?
839
Calculate the greatest common divisor of 710126610 and 1426.
1426
Calculate the highest common factor of 73764213 and 12996.
1083
Calculate the greatest common divisor of 84 and 3507840.
84
What is the greatest common divisor of 2070 and 6520005?
45
Calculate the highest common factor of 13952 and 964214.
218
What is the greatest common factor of 15862693 and 33?
11
What is the greatest common divisor of 106621 and 707?
1
What is the highest common factor of 17597496 and 888?
888
Calculate the greatest common factor of 242052 and 291164.
3508
What is the greatest common factor of 847 and 17094539?
77
Calculate the highest common divisor of 21014130 and 60.
30
Calculate the highest common divisor of 261326 and 10322.
26
What is the greatest common factor of 67574858 and 572?
26
What is the greatest common factor of 488700 and 262700?
100
What is the highest common divisor of 22386 and 3408678?
546
Calculate the highest common factor of 10206 and 164976345.
729
What is the highest common divisor of 12040314 and 38181?
429
What is the highest common divisor of 130067 and 578197?
1093
Calculate the greatest common factor of 3959248 and 3505.
701
Calculate the highest common factor of 108 and 63646908.
12
Calculate the highest common divisor of 4587135 and 3318.
1659
What is the highest common factor of 2551 and 120464?
1
Calculate the greatest common factor of 597360 and 29355.
285
What is the greatest common factor of 263430 and 6714?
18
Calculate the highest common factor of 2478102 and 5346.
66
Calculate the greatest common divisor of 346584 and 14616.
168
What is the highest common factor of 2468081 and 627?
209
Calculate the greatest common factor of 822827 and 26063.
67
What is the h